{"id":40,"date":"2022-12-22T12:52:08","date_gmt":"2022-12-22T12:52:08","guid":{"rendered":"http:\/\/podgorainvest.com\/?page_id=40"},"modified":"2023-01-09T08:30:13","modified_gmt":"2023-01-09T08:30:13","slug":"gayrimenkul-alim-satimi","status":"publish","type":"page","link":"https:\/\/podgorainvest.com\/index.php\/gayrimenkul-alim-satimi\/","title":{"rendered":"Gayrimenkul Al\u0131m Sat\u0131m\u0131"},"content":{"rendered":"\n<div class=\"section-wrapper\" data-id=\"z81Se3\"><section class=\"wp-block-gutenverse-section guten-element guten-section guten-z81Se3 layout-boxed align-stretch\"><div class=\"guten-background-overlay\"><\/div><div class=\"guten-shape-divider guten-shape-divider-top\"><\/div><div class=\"guten-shape-divider guten-shape-divider-bottom\"><\/div><div class=\"guten-container guten-column-gap-no\">\n<div class=\"wp-block-gutenverse-column guten-element guten-column guten-ZP4F9v\"><div class=\"guten-background-overlay\"><\/div><div class=\"sticky-wrapper\" data-id=\"ZP4F9v\"><div class=\"guten-column-wrapper\">\n<h2 class=\"wp-block-gutenverse-heading guten-element guten-W5i2Ql animated guten-element-hide desktop-fadeInUp\">Gayrimenkul Al\u0131m Sat\u0131m\u0131 Hakk\u0131nda<\/h2>\n\n\n\n<div class=\"section-wrapper\" data-id=\"M5zd1E\"><section class=\"wp-block-gutenverse-section guten-element guten-section guten-M5zd1E layout-boxed align-stretch\"><div class=\"guten-background-overlay\"><\/div><div class=\"guten-shape-divider guten-shape-divider-top\"><\/div><div class=\"guten-shape-divider guten-shape-divider-bottom\"><\/div><div class=\"guten-container guten-column-gap-no\">\n<div class=\"wp-block-gutenverse-column guten-element guten-column guten-HCC6Xp animated guten-element-hide desktop-fadeInLeft\"><div class=\"guten-background-overlay\"><\/div><div class=\"sticky-wrapper\" data-id=\"HCC6Xp\"><div class=\"guten-column-wrapper\">\n<div class=\"wp-block-group is-layout-constrained wp-block-group-is-layout-constrained\">\n<div class=\"guten-element guten-spacer guten-DXJD1f\"><\/div>\n<\/div>\n<\/div><\/div><\/div>\n\n\n\n<div class=\"wp-block-gutenverse-column guten-element guten-column guten-a5L4qz animated guten-element-hide desktop-fadeInRight\"><div class=\"guten-background-overlay\"><\/div><div class=\"sticky-wrapper\" data-id=\"a5L4qz\"><div class=\"guten-column-wrapper\">\n<h2 class=\"wp-block-gutenverse-heading guten-element guten-BUWmYr animated guten-element-hide desktop-fadeInRight\">Gayr\u0131menkul al\u0131m-sat\u0131m i\u015flemleri<\/h2>\n\n\n\n<div class=\"guten-element gutenverse-text-editor guten-jJyVoo animated guten-element-hide desktop-fadeInRight\"><div class=\"text-content-inner\">\n<p>Esasen basit g\u00f6r\u00fcnen, ancak uygulamada pek \u00e7ok soruna yol a\u00e7abilecek hukuki i\u015flemlerdendir. Tapu k\u00fct\u00fc\u011f\u00fcne \u015ferh edilmi\u015f s\u00f6zle\u015fmeler (kira s\u00f6zle\u015fmeleri gibi), ipotekler, s\u0131n\u0131rl\u0131 ayni haklar (s\u00fckna hakk\u0131, intifa hakk\u0131, \u00fcst hakk\u0131 gibi), hacizler, gayr\u0131menkul\u00fcn fiilen kullan\u0131labilirli\u011fine ve de\u011ferine do\u011frudan etki edebilecek unsurlar aras\u0131nda olup, gerek resmi \u015fekilde gayr\u0131menkul al\u0131m sat\u0131m s\u00f6zle\u015fmesi yap\u0131l\u0131rken, gerekse de daha \u00f6nceki a\u015famada noter nezdinde gayr\u0131menkul sat\u0131\u015f vaadi s\u00f6zle\u015fmesi yap\u0131l\u0131rken g\u00f6z \u00f6n\u00fcnde bulundurulmas\u0131 gereken ve sat\u0131\u015f vaadi s\u00f6zle\u015fmesi i\u00e7erisinde yer verilmesi gereken \u00f6nemli hususlard\u0131r.<br>Ayn\u0131 zamanda yapm\u0131\u015f oldu\u011funuz yat\u0131r\u0131m\u0131n size en k\u0131sa zamanda geri d\u00f6n\u00fc\u015f\u00fcn\u00fcn olmas\u0131 gerekir. Biz, bu \u00e7er\u00e7evede d\u00fc\u015f\u00fc\u015fnerek m\u00fc\u015fterilerimize en uygun ve en iyi konumda yerleri taahh\u00fct etmekteyiz.<\/p>\n<\/div><\/div>\n\n\n\n<h2 class=\"wp-block-gutenverse-heading guten-element guten-MSBVyn animated guten-element-hide desktop-fadeInRight\">Detaylar \u0130\u00e7in Bize Ula\u015fa Bilirsiniz<\/h2>\n\n\n\n<div class=\"guten-element guten-button-wrapper guten-y0696j\"><a class=\"guten-button animated guten-element-hide desktop-fadeInRight guten-button-sm\" href=\"#\"><span>Get it Now<\/span><\/a><\/div>\n<\/div><\/div><\/div>\n<\/div><\/section><\/div>\n<\/div><\/div><\/div>\n<\/div><\/section><\/div>\n\n\n\n<div class=\"section-wrapper\" data-id=\"UlJqFz\"><section class=\"wp-block-gutenverse-section guten-element guten-section guten-UlJqFz layout-boxed align-stretch\"><div class=\"guten-background-overlay\"><\/div><div class=\"guten-shape-divider guten-shape-divider-top\"><\/div><div class=\"guten-shape-divider guten-shape-divider-bottom\"><\/div><div class=\"guten-container guten-column-gap-no\">\n<div class=\"wp-block-gutenverse-column guten-element guten-column guten-kyDVuG animated guten-element-hide desktop-fadeInUp\"><div class=\"guten-background-overlay\"><\/div><div class=\"sticky-wrapper\" data-id=\"kyDVuG\"><div class=\"guten-column-wrapper\">\n<div class=\"wp-block-gutenverse-image guten-element guten-image guten-pEEaOQ\"><a class=\"guten-image-wrapper\"><img decoding=\"async\" class=\"gutenverse-image-box-filled\" src=\"http:\/\/podgorainvest.com\/wp-content\/uploads\/2023\/01\/a3bf56b3-f961-467e-ba58-c93067a43c72.png\" height=\"400\" width=\"600\"\/><\/a><\/div>\n\n\n\n<div class=\"section-wrapper\" data-id=\"DOTULD\"><section class=\"wp-block-gutenverse-section guten-element guten-section guten-DOTULD layout-boxed align-stretch\"><div class=\"guten-background-overlay\"><\/div><div class=\"guten-shape-divider guten-shape-divider-top\"><\/div><div class=\"guten-shape-divider guten-shape-divider-bottom\"><\/div><div class=\"guten-container guten-column-gap-no\">\n<div class=\"wp-block-gutenverse-column guten-element guten-column guten-l1b9t8\"><div class=\"guten-background-overlay\"><\/div><div class=\"sticky-wrapper\" data-id=\"l1b9t8\"><div class=\"guten-column-wrapper\">\n<h6 class=\"wp-block-gutenverse-heading guten-element guten-7ekayY\">Nik\u0161i\u0107 <\/h6>\n<\/div><\/div><\/div>\n\n\n\n<div class=\"wp-block-gutenverse-column guten-element guten-column guten-CTUZsc\"><div class=\"guten-background-overlay\"><\/div><div class=\"sticky-wrapper\" data-id=\"CTUZsc\"><div class=\"guten-column-wrapper\">\n<h6 class=\"wp-block-gutenverse-heading guten-element guten-nRZoB3\">\u20ac75.000<\/h6>\n<\/div><\/div><\/div>\n<\/div><\/section><\/div>\n\n\n\n<div class=\"guten-element gutenverse-text-editor guten-GpyAw7\"><div class=\"text-content-inner\">\n<p>Montenegro&#8217;nun kuzey b\u00f6lgesi olan Nik\u0161i\u0107 te otoyol kenar\u0131nda 3000 m\u00b2 alanda i\u015f yeri imarl\u0131 arsa, normal fiyat\u0131ndan %70 daha uygun fiyata <\/p>\n<\/div><\/div>\n\n\n\n<div class=\"section-wrapper\" data-id=\"nrNTDp\"><section class=\"wp-block-gutenverse-section guten-element guten-section guten-nrNTDp layout-boxed align-stretch\"><div class=\"guten-background-overlay\"><\/div><div class=\"guten-shape-divider guten-shape-divider-top\"><\/div><div class=\"guten-shape-divider guten-shape-divider-bottom\"><\/div><div class=\"guten-container guten-column-gap-no\">\n<div class=\"wp-block-gutenverse-column guten-element guten-column guten-4GxKwH\"><div class=\"guten-background-overlay\"><\/div><div class=\"sticky-wrapper\" data-id=\"4GxKwH\"><div class=\"guten-column-wrapper\">\n<div class=\"guten-element guten-star-rating guten-TPlqzH\"><div class=\"rating-wrapper\"><span class=\"rating-title\"><\/span><div class=\"rating-icons\"><i class=\"full fa fa-star\"><\/i><i class=\"full fa fa-star\"><\/i><i class=\"full fa fa-star\"><\/i><i class=\"full fa fa-star\"><\/i><i class=\"full fa fa-star\"><\/i><\/div><\/div><\/div>\n<\/div><\/div><\/div>\n\n\n\n<div class=\"wp-block-gutenverse-column guten-element guten-column guten-xFS1j9\"><div class=\"guten-background-overlay\"><\/div><div class=\"sticky-wrapper\" data-id=\"xFS1j9\"><div class=\"guten-column-wrapper\">\n<div class=\"guten-element guten-button-wrapper guten-11dh6d\"><a class=\"guten-button guten-button-sm\" href=\"http:\/\/podgorainvest.com\/index.php\/iletisim\/\"><span>ilet\u015fim<\/span><\/a><\/div>\n<\/div><\/div><\/div>\n<\/div><\/section><\/div>\n<\/div><\/div><\/div>\n\n\n\n<div class=\"wp-block-gutenverse-column guten-element guten-column guten-y5i7Dc animated guten-element-hide desktop-fadeInUp\"><div class=\"guten-background-overlay\"><\/div><div class=\"sticky-wrapper\" data-id=\"y5i7Dc\"><div class=\"guten-column-wrapper\">\n<div class=\"wp-block-gutenverse-image guten-element guten-image guten-SaeCcN\"><a class=\"guten-image-wrapper\"><img decoding=\"async\" class=\"gutenverse-image-box-filled\" src=\"http:\/\/podgorainvest.com\/wp-content\/uploads\/2023\/01\/thumb_1024x663_Nova_Gorica_panorama_fDavid_Verlic.jpg\" height=\"663\" width=\"1024\"\/><\/a><\/div>\n\n\n\n<div class=\"section-wrapper\" data-id=\"jqXuLW\"><section class=\"wp-block-gutenverse-section guten-element guten-section guten-jqXuLW layout-boxed align-stretch\"><div class=\"guten-background-overlay\"><\/div><div class=\"guten-shape-divider guten-shape-divider-top\"><\/div><div class=\"guten-shape-divider guten-shape-divider-bottom\"><\/div><div class=\"guten-container guten-column-gap-no\">\n<div class=\"wp-block-gutenverse-column guten-element guten-column guten-icm1cH\"><div class=\"guten-background-overlay\"><\/div><div class=\"sticky-wrapper\" data-id=\"icm1cH\"><div class=\"guten-column-wrapper\">\n<h6 class=\"wp-block-gutenverse-heading guten-element guten-9mJH2a\">Gorica<\/h6>\n<\/div><\/div><\/div>\n\n\n\n<div class=\"wp-block-gutenverse-column guten-element guten-column guten-RRfkgm\"><div class=\"guten-background-overlay\"><\/div><div class=\"sticky-wrapper\" data-id=\"RRfkgm\"><div class=\"guten-column-wrapper\">\n<h6 class=\"wp-block-gutenverse-heading guten-element guten-vd3CkF\">\u20ac800.000<\/h6>\n<\/div><\/div><\/div>\n<\/div><\/section><\/div>\n\n\n\n<div class=\"guten-element gutenverse-text-editor guten-Zz4D5W\"><div class=\"text-content-inner\">\n<p>Ba\u015fkent Podgorica Gorica da 800 m\u00b2 arsa \u00fczerinde 3 katl\u0131 toplam 6 dairelik bina, i\u00e7erisinde kirac\u0131s\u0131 vard\u0131r.<\/p>\n<\/div><\/div>\n\n\n\n<div class=\"section-wrapper\" data-id=\"cJPHO1\"><section class=\"wp-block-gutenverse-section guten-element guten-section guten-cJPHO1 layout-boxed align-stretch\"><div class=\"guten-background-overlay\"><\/div><div class=\"guten-shape-divider guten-shape-divider-top\"><\/div><div class=\"guten-shape-divider guten-shape-divider-bottom\"><\/div><div class=\"guten-container guten-column-gap-no\">\n<div class=\"wp-block-gutenverse-column guten-element guten-column guten-HCcOBC\"><div class=\"guten-background-overlay\"><\/div><div class=\"sticky-wrapper\" data-id=\"HCcOBC\"><div class=\"guten-column-wrapper\">\n<div class=\"guten-element guten-star-rating guten-xIQknL\"><div class=\"rating-wrapper\"><span class=\"rating-title\"><\/span><div class=\"rating-icons\"><i class=\"full fa fa-star\"><\/i><i class=\"full fa fa-star\"><\/i><i class=\"full fa fa-star\"><\/i><i class=\"full fa fa-star\"><\/i><i class=\"full fa fa-star\"><\/i><\/div><\/div><\/div>\n<\/div><\/div><\/div>\n\n\n\n<div class=\"wp-block-gutenverse-column guten-element guten-column guten-8yAG4A\"><div class=\"guten-background-overlay\"><\/div><div class=\"sticky-wrapper\" data-id=\"8yAG4A\"><div class=\"guten-column-wrapper\">\n<div class=\"guten-element guten-button-wrapper guten-CUP4kl\"><a class=\"guten-button guten-button-sm\" href=\"http:\/\/podgorainvest.com\/index.php\/iletisim\/\"><span>ilet\u015fim<\/span><\/a><\/div>\n<\/div><\/div><\/div>\n<\/div><\/section><\/div>\n<\/div><\/div><\/div>\n\n\n\n<div class=\"wp-block-gutenverse-column guten-element guten-column guten-CmsYkv animated guten-element-hide desktop-fadeInUp\"><div class=\"guten-background-overlay\"><\/div><div class=\"sticky-wrapper\" data-id=\"CmsYkv\"><div class=\"guten-column-wrapper\">\n<div class=\"wp-block-gutenverse-image guten-element guten-image guten-McPNlD\"><a class=\"guten-image-wrapper\"><img decoding=\"async\" class=\"gutenverse-image-box-filled\" src=\"http:\/\/podgorainvest.com\/wp-content\/uploads\/2023\/01\/800px-PodgoricaOverview.jpg\" height=\"600\" width=\"800\"\/><\/a><\/div>\n\n\n\n<div class=\"section-wrapper\" data-id=\"anQKgK\"><section class=\"wp-block-gutenverse-section guten-element guten-section guten-anQKgK layout-boxed align-stretch\"><div class=\"guten-background-overlay\"><\/div><div class=\"guten-shape-divider guten-shape-divider-top\"><\/div><div class=\"guten-shape-divider guten-shape-divider-bottom\"><\/div><div class=\"guten-container guten-column-gap-no\">\n<div class=\"wp-block-gutenverse-column guten-element guten-column guten-kfJFnV\"><div class=\"guten-background-overlay\"><\/div><div class=\"sticky-wrapper\" data-id=\"kfJFnV\"><div class=\"guten-column-wrapper\">\n<h6 class=\"wp-block-gutenverse-heading guten-element guten-5QfhDm\">Podgorica<\/h6>\n<\/div><\/div><\/div>\n\n\n\n<div class=\"wp-block-gutenverse-column guten-element guten-column guten-oYPZbW\"><div class=\"guten-background-overlay\"><\/div><div class=\"sticky-wrapper\" data-id=\"oYPZbW\"><div class=\"guten-column-wrapper\">\n<h6 class=\"wp-block-gutenverse-heading guten-element guten-6V5Anu\">\u20ac110,000<\/h6>\n<\/div><\/div><\/div>\n<\/div><\/section><\/div>\n\n\n\n<div class=\"guten-element gutenverse-text-editor guten-hODrXZ\"><div class=\"text-content-inner\">\n<p>Montenegro Ba\u015fkenti Podgorica da 6 katl\u0131 binan\u0131n 5.kat\u0131nda 70 m2 kira garantili sat\u0131l\u0131k daire.<\/p>\n<\/div><\/div>\n\n\n\n<div class=\"section-wrapper\" data-id=\"ZVBThq\"><section class=\"wp-block-gutenverse-section guten-element guten-section guten-ZVBThq layout-boxed align-stretch\"><div class=\"guten-background-overlay\"><\/div><div class=\"guten-shape-divider guten-shape-divider-top\"><\/div><div class=\"guten-shape-divider guten-shape-divider-bottom\"><\/div><div class=\"guten-container guten-column-gap-no\">\n<div class=\"wp-block-gutenverse-column guten-element guten-column guten-GAxhFz\"><div class=\"guten-background-overlay\"><\/div><div class=\"sticky-wrapper\" data-id=\"GAxhFz\"><div class=\"guten-column-wrapper\">\n<div class=\"guten-element guten-star-rating guten-IlQSEF\"><div class=\"rating-wrapper\"><span class=\"rating-title\"><\/span><div class=\"rating-icons\"><i class=\"full fa fa-star\"><\/i><i class=\"full fa fa-star\"><\/i><i class=\"full fa fa-star\"><\/i><i class=\"full fa fa-star\"><\/i><i class=\"full fa fa-star\"><\/i><\/div><\/div><\/div>\n<\/div><\/div><\/div>\n\n\n\n<div class=\"wp-block-gutenverse-column guten-element guten-column guten-Cr9h8b\"><div class=\"guten-background-overlay\"><\/div><div class=\"sticky-wrapper\" data-id=\"Cr9h8b\"><div class=\"guten-column-wrapper\">\n<div class=\"guten-element guten-button-wrapper guten-gvakqc\"><a class=\"guten-button guten-button-sm\" href=\"http:\/\/podgorainvest.com\/index.php\/iletisim\/\"><span>ilet\u015fim<\/span><\/a><\/div>\n<\/div><\/div><\/div>\n<\/div><\/section><\/div>\n<\/div><\/div><\/div>\n<\/div><\/section><\/div>\n","protected":false},"excerpt":{"rendered":"","protected":false},"author":1,"featured_media":0,"parent":0,"menu_order":0,"comment_status":"closed","ping_status":"closed","template":"","meta":{"footnotes":""},"class_list":["post-40","page","type-page","status-publish","hentry"],"_links":{"self":[{"href":"https:\/\/podgorainvest.com\/index.php\/wp-json\/wp\/v2\/pages\/40","targetHints":{"allow":["GET"]}}],"collection":[{"href":"https:\/\/podgorainvest.com\/index.php\/wp-json\/wp\/v2\/pages"}],"about":[{"href":"https:\/\/podgorainvest.com\/index.php\/wp-json\/wp\/v2\/types\/page"}],"author":[{"embeddable":true,"href":"https:\/\/podgorainvest.com\/index.php\/wp-json\/wp\/v2\/users\/1"}],"replies":[{"embeddable":true,"href":"https:\/\/podgorainvest.com\/index.php\/wp-json\/wp\/v2\/comments?post=40"}],"version-history":[{"count":10,"href":"https:\/\/podgorainvest.com\/index.php\/wp-json\/wp\/v2\/pages\/40\/revisions"}],"predecessor-version":[{"id":284,"href":"https:\/\/podgorainvest.com\/index.php\/wp-json\/wp\/v2\/pages\/40\/revisions\/284"}],"wp:attachment":[{"href":"https:\/\/podgorainvest.com\/index.php\/wp-json\/wp\/v2\/media?parent=40"}],"curies":[{"name":"wp","href":"https:\/\/api.w.org\/{rel}","templated":true}]}}