{"id":46,"date":"2022-12-22T12:52:09","date_gmt":"2022-12-22T12:52:09","guid":{"rendered":"http:\/\/podgorainvest.com\/?page_id=46"},"modified":"2023-01-09T13:27:31","modified_gmt":"2023-01-09T13:27:31","slug":"konaklama-hizmeti","status":"publish","type":"page","link":"https:\/\/podgorainvest.com\/index.php\/konaklama-hizmeti\/","title":{"rendered":"Konaklama Hizmeti"},"content":{"rendered":"\n<div class=\"section-wrapper\" data-id=\"z81Se3\"><section class=\"wp-block-gutenverse-section guten-element guten-section guten-z81Se3 layout-boxed align-stretch\"><div class=\"guten-background-overlay\"><\/div><div class=\"guten-shape-divider guten-shape-divider-top\"><\/div><div class=\"guten-shape-divider guten-shape-divider-bottom\"><\/div><div class=\"guten-container guten-column-gap-no\">\n<div class=\"wp-block-gutenverse-column guten-element guten-column guten-ZP4F9v\"><div class=\"guten-background-overlay\"><\/div><div class=\"sticky-wrapper\" data-id=\"ZP4F9v\"><div class=\"guten-column-wrapper\">\n<h2 class=\"wp-block-gutenverse-heading guten-element guten-W5i2Ql animated guten-element-hide desktop-fadeInUp\">Konaklama Hizmeti Hakk\u0131nda<\/h2>\n\n\n\n<div class=\"section-wrapper\" data-id=\"M5zd1E\"><section class=\"wp-block-gutenverse-section guten-element guten-section guten-M5zd1E layout-boxed align-stretch\"><div class=\"guten-background-overlay\"><\/div><div class=\"guten-shape-divider guten-shape-divider-top\"><\/div><div class=\"guten-shape-divider guten-shape-divider-bottom\"><\/div><div class=\"guten-container guten-column-gap-no\">\n<div class=\"wp-block-gutenverse-column guten-element guten-column guten-HCC6Xp animated guten-element-hide desktop-fadeInLeft\"><div class=\"guten-background-overlay\"><\/div><div class=\"sticky-wrapper\" data-id=\"HCC6Xp\"><div class=\"guten-column-wrapper\">\n<div class=\"wp-block-group is-layout-constrained wp-block-group-is-layout-constrained\">\n<div class=\"guten-element guten-spacer guten-DXJD1f\"><\/div>\n<\/div>\n<\/div><\/div><\/div>\n\n\n\n<div class=\"wp-block-gutenverse-column guten-element guten-column guten-a5L4qz animated guten-element-hide desktop-fadeInRight\"><div class=\"guten-background-overlay\"><\/div><div class=\"sticky-wrapper\" data-id=\"a5L4qz\"><div class=\"guten-column-wrapper\">\n<h2 class=\"wp-block-gutenverse-heading guten-element guten-BUWmYr animated guten-element-hide desktop-fadeInRight\">Konaklama Hizmeti<\/h2>\n\n\n\n<div class=\"guten-element gutenverse-text-editor guten-jJyVoo animated guten-element-hide desktop-fadeInRight\"><div class=\"text-content-inner\">\n<p>T\u00fcm m\u00fc\u015fterilerimizin temel ihtiya\u00e7lar\u0131n\u0131 kar\u015f\u0131layacak b\u00fct\u00e7e, ihtiya\u00e7 ve lokasyon olarak, uygun alternatifleri, h\u0131zl\u0131 \u015fekilde sunuyoruz.<\/p>\n<\/div><\/div>\n\n\n\n<h2 class=\"wp-block-gutenverse-heading guten-element guten-MSBVyn animated guten-element-hide desktop-fadeInRight\"><\/h2>\n\n\n\n<div class=\"guten-element guten-button-wrapper guten-y0696j\"><a class=\"guten-button animated guten-element-hide desktop-fadeInRight guten-button-sm\" href=\"#\"><span>Bize ula\u015f\u0131n<\/span><\/a><\/div>\n<\/div><\/div><\/div>\n<\/div><\/section><\/div>\n<\/div><\/div><\/div>\n<\/div><\/section><\/div>\n","protected":false},"excerpt":{"rendered":"","protected":false},"author":1,"featured_media":0,"parent":0,"menu_order":0,"comment_status":"closed","ping_status":"closed","template":"","meta":{"footnotes":""},"class_list":["post-46","page","type-page","status-publish","hentry"],"_links":{"self":[{"href":"https:\/\/podgorainvest.com\/index.php\/wp-json\/wp\/v2\/pages\/46","targetHints":{"allow":["GET"]}}],"collection":[{"href":"https:\/\/podgorainvest.com\/index.php\/wp-json\/wp\/v2\/pages"}],"about":[{"href":"https:\/\/podgorainvest.com\/index.php\/wp-json\/wp\/v2\/types\/page"}],"author":[{"embeddable":true,"href":"https:\/\/podgorainvest.com\/index.php\/wp-json\/wp\/v2\/users\/1"}],"replies":[{"embeddable":true,"href":"https:\/\/podgorainvest.com\/index.php\/wp-json\/wp\/v2\/comments?post=46"}],"version-history":[{"count":5,"href":"https:\/\/podgorainvest.com\/index.php\/wp-json\/wp\/v2\/pages\/46\/revisions"}],"predecessor-version":[{"id":383,"href":"https:\/\/podgorainvest.com\/index.php\/wp-json\/wp\/v2\/pages\/46\/revisions\/383"}],"wp:attachment":[{"href":"https:\/\/podgorainvest.com\/index.php\/wp-json\/wp\/v2\/media?parent=46"}],"curies":[{"name":"wp","href":"https:\/\/api.w.org\/{rel}","templated":true}]}}